{"id":63157,"date":"2021-02-26T13:56:45","date_gmt":"2021-02-26T12:56:45","guid":{"rendered":"https:\/\/www.lavirgendelcamino.info\/wordpress\/?page_id=63157"},"modified":"2021-02-26T13:57:21","modified_gmt":"2021-02-26T12:57:21","slug":"gersul","status":"publish","type":"page","link":"https:\/\/www.lavirgendelcamino.info\/wordpress\/gersul\/","title":{"rendered":"GERSUL &#8211; Consorcio Provincial de Residuos de Le\u00f3n"},"content":{"rendered":"\n<h4 class=\"wp-block-heading\"><strong>\u00bfQu\u00e9 es La tasa?<\/strong><\/h4>\n\n\n\n<div class=\"wp-block-image\"><figure class=\"alignleft size-large\"><a href=\"https:\/\/www.lavirgendelcamino.info\/wordpress\/wp-content\/uploads\/2021\/02\/gersul.png\"><img loading=\"lazy\" decoding=\"async\" width=\"108\" height=\"124\" src=\"https:\/\/www.lavirgendelcamino.info\/wordpress\/wp-content\/uploads\/2021\/02\/gersul.png\" alt=\"\" class=\"wp-image-63158\"\/><\/a><\/figure><\/div>\n\n\n\n<p>Es la aportaci\u00f3n econ\u00f3mica que debemos realizar&nbsp;<strong>para mantener el sistema provincial de gesti\u00f3n de los residuos de origen domiciliario<\/strong>. Para lo cual existen distribuidas por toda la provincia ocho estaciones de transferencia, dos plantas de clasificaci\u00f3n de residuos de envases, una planta provincial de reciclaje y compostaje y una flota de veh\u00edculos que recorren diariamente toda la provincia.<\/p>\n\n\n\n<p>Es un tributo necesario para afrontar el coste de tratar las&nbsp;<strong>m\u00e1s de 200.000 toneladas de basura<\/strong>&nbsp;que generamos anualmente de una forma moderna y ambientalmente sostenible. Adem\u00e1s nos permite&nbsp;<strong>volver a integrar en la cadena productiva todo tipo de materiales<\/strong>&nbsp;que sin el tratamiento adecuado ser\u00edan inservibles y contaminantes y, nos permite tambi\u00e9n, cumplir con las exigencias legales en materia de residuos y medio ambiente.<\/p>\n\n\n\n<p>La tasa fue puesta por primera vez al cobro en el a\u00f1o 2005.<\/p>\n\n\n\n<p>Todos los ciudadanos debemos contribuir a sufragar el coste que supone la gesti\u00f3n de los residuos que generamos. Por ello,\u00a0<strong>cada contribuyente debe colaborar a financiar este sistema de forma proporcional y solidaria<\/strong>.<\/p>\n\n\n\n<h4 class=\"wp-block-heading\"><span style=\"text-decoration: underline;\"><strong>Oficinas de Recaudaci\u00f3n<\/strong><\/span><\/h4>\n\n\n\n<p>GERSUL dispone de varias Oficinas Recaudatorias al servicio del contribuyente donde podr\u00e1 realizar de forma personalizada sus consultas informativas y ser\u00e1 atendido en sus tr\u00e1mites relativos a la cobranza de la Tasa de GERSUL: altas, bajas, cambios de titular, domiciliaciones bancarias, env\u00edo de recibos, reclamaciones, etc&#8230;<\/p>\n\n\n\n<p><strong>Horario de atenci\u00f3n al p\u00fablico: de Lunes a Viernes de 9:00 a 14:00 horas.<\/strong><\/p>\n\n\n\n<figure class=\"wp-block-table\"><table><tbody><tr><td class=\"has-text-align-center\" data-align=\"center\">&nbsp;<\/td><td class=\"has-text-align-center\" data-align=\"center\"><strong>Direcci\u00f3n:<\/strong><\/td><td class=\"has-text-align-center\" data-align=\"center\"><strong>Tel\u00e9fono:<\/strong><\/td><\/tr><tr><td class=\"has-text-align-center\" data-align=\"center\"><strong>Le\u00f3n<\/strong> (<a href=\"mailto:ofleon@gersul.es\/index.html\">ofleon@gersul.es<\/a>)<\/td><td class=\"has-text-align-center\" data-align=\"center\"><strong>Plaza&nbsp;de&nbsp;la&nbsp;Regla&nbsp;n\u00ba&nbsp;5,<\/strong><\/td><td class=\"has-text-align-center\" data-align=\"center\"><strong><a href=\"tel:987206056\">987\u00a0206056<\/a><\/strong><\/td><\/tr><tr><td class=\"has-text-align-center\" data-align=\"center\"><strong>Ponferrada<\/strong><\/td><td class=\"has-text-align-center\" data-align=\"center\"><strong>C\/&nbsp;R\u00edo&nbsp;Urdiales&nbsp;n\u00ba&nbsp;21&nbsp;2\u00b0<\/strong><\/td><td class=\"has-text-align-center\" data-align=\"center\"><strong>987\u00a0427777<\/strong><\/td><\/tr><tr><td class=\"has-text-align-center\" data-align=\"center\"><strong>As<\/strong><strong>torga<\/strong><\/td><td class=\"has-text-align-center\" data-align=\"center\"><strong>Calle&nbsp;El&nbsp;Poza&nbsp;n\u00ba&nbsp;2<\/strong><\/td><td class=\"has-text-align-center\" data-align=\"center\"><strong>987\u00a0617799<\/strong><\/td><\/tr><tr><td class=\"has-text-align-center\" data-align=\"center\"><strong>Cisti<\/strong><strong>erna<\/strong><\/td><td class=\"has-text-align-center\" data-align=\"center\"><strong>Plaza&nbsp;del&nbsp;Ayuntamiento&nbsp;n\u00ba&nbsp;1<\/strong><\/td><td class=\"has-text-align-center\" data-align=\"center\"><strong>987\u00a0701269<\/strong><\/td><\/tr><tr><td class=\"has-text-align-center\" data-align=\"center\"><strong>La&nbsp;Ba\u00f1eza<\/strong><\/td><td class=\"has-text-align-center\" data-align=\"center\"><strong>Calle&nbsp;Miguel&nbsp;Delibes&nbsp;n\u00ba 4<\/strong><\/td><td class=\"has-text-align-center\" data-align=\"center\"><strong>987\u00a0643364<\/strong><\/td><\/tr><tr><td class=\"has-text-align-center\" data-align=\"center\"><strong>Sahag\u00fan<\/strong><\/td><td class=\"has-text-align-center\" data-align=\"center\"><strong>Calle&nbsp;Alhondiga&nbsp;n\u00ba&nbsp;21&nbsp;1\u00ba<\/strong><\/td><td class=\"has-text-align-center\" data-align=\"center\"><strong>987\u00a0780915<\/strong><\/td><\/tr><tr><td class=\"has-text-align-center\" data-align=\"center\"><strong>Val<\/strong><strong>encia&nbsp;de&nbsp;Don&nbsp;Juan<\/strong><\/td><td class=\"has-text-align-center\" data-align=\"center\"><strong>Calle&nbsp;Alonso&nbsp;Castrillo&nbsp;n\u00ba&nbsp;29<\/strong><\/td><td class=\"has-text-align-center\" data-align=\"center\"><strong>987\u00a0751233<\/strong><\/td><\/tr><\/tbody><\/table><\/figure>\n\n\n\n<p><\/p>\n","protected":false},"excerpt":{"rendered":"<p>\u00bfQu\u00e9 es La tasa? Es la aportaci\u00f3n econ\u00f3mica que debemos realizar&nbsp;para mantener el sistema provincial de gesti\u00f3n de los residuos de origen domiciliario. Para lo cual existen distribuidas por toda la provincia ocho estaciones de transferencia, dos plantas de clasificaci\u00f3n de residuos de envases, una planta provincial de reciclaje y compostaje y una flota de [&hellip;]<\/p>\n","protected":false},"author":1,"featured_media":63158,"parent":0,"menu_order":0,"comment_status":"closed","ping_status":"closed","template":"","meta":{"footnotes":""},"class_list":["post-63157","page","type-page","status-publish","has-post-thumbnail","hentry"],"yoast_head":"<!-- This site is optimized with the Yoast SEO plugin v26.9 - https:\/\/yoast.com\/product\/yoast-seo-wordpress\/ -->\n<title>GERSUL - Consorcio Provincial de Residuos de Le\u00f3n<\/title>\n<meta name=\"description\" content=\"GERSUL es el Consorcio Provincial de Residuos de Le\u00f3n que permite reciclar las m\u00e1s de 200.000 toneladas de basura que se producen en Le\u00f3n.\" \/>\n<meta name=\"robots\" content=\"index, follow, max-snippet:-1, max-image-preview:large, max-video-preview:-1\" \/>\n<link rel=\"canonical\" href=\"https:\/\/www.lavirgendelcamino.info\/wordpress\/gersul\/\" \/>\n<meta property=\"og:locale\" content=\"es_ES\" \/>\n<meta property=\"og:type\" content=\"article\" \/>\n<meta property=\"og:title\" content=\"GERSUL - Consorcio Provincial de Residuos de Le\u00f3n\" \/>\n<meta property=\"og:description\" content=\"GERSUL es el Consorcio Provincial de Residuos de Le\u00f3n que permite reciclar las m\u00e1s de 200.000 toneladas de basura que se producen en Le\u00f3n.\" \/>\n<meta property=\"og:url\" content=\"https:\/\/www.lavirgendelcamino.info\/wordpress\/gersul\/\" \/>\n<meta property=\"og:site_name\" content=\"La Virgen del Camino (Le\u00f3n)\" \/>\n<meta property=\"article:publisher\" content=\"http:\/\/www.facebook.com\/ayuntamientovalverdedelavirgen\" \/>\n<meta property=\"article:modified_time\" content=\"2021-02-26T12:57:21+00:00\" \/>\n<meta property=\"og:image\" content=\"https:\/\/www.lavirgendelcamino.info\/wordpress\/wp-content\/uploads\/2021\/02\/gersul.png\" \/>\n\t<meta property=\"og:image:width\" content=\"108\" \/>\n\t<meta property=\"og:image:height\" content=\"124\" \/>\n\t<meta property=\"og:image:type\" content=\"image\/png\" \/>\n<meta name=\"twitter:card\" content=\"summary_large_image\" \/>\n<meta name=\"twitter:title\" content=\"GERSUL - Consorcio Provincial de Residuos de Le\u00f3n\" \/>\n<meta name=\"twitter:description\" content=\"GERSUL es el Consorcio Provincial de Residuos de Le\u00f3n que permite reciclar las m\u00e1s de 200.000 toneladas de basura que se producen en Le\u00f3n.\" \/>\n<meta name=\"twitter:image\" content=\"https:\/\/www.lavirgendelcamino.info\/wordpress\/wp-content\/uploads\/2021\/02\/gersul.png\" \/>\n<meta name=\"twitter:site\" content=\"@valverdevirgen\" \/>\n<meta name=\"twitter:label1\" content=\"Tiempo de lectura\" \/>\n\t<meta name=\"twitter:data1\" content=\"2 minutos\" \/>\n<script type=\"application\/ld+json\" class=\"yoast-schema-graph\">{\"@context\":\"https:\/\/schema.org\",\"@graph\":[{\"@type\":\"WebPage\",\"@id\":\"https:\/\/www.lavirgendelcamino.info\/wordpress\/gersul\/\",\"url\":\"https:\/\/www.lavirgendelcamino.info\/wordpress\/gersul\/\",\"name\":\"GERSUL - Consorcio Provincial de Residuos de Le\u00f3n\",\"isPartOf\":{\"@id\":\"https:\/\/www.lavirgendelcamino.info\/wordpress\/#website\"},\"primaryImageOfPage\":{\"@id\":\"https:\/\/www.lavirgendelcamino.info\/wordpress\/gersul\/#primaryimage\"},\"image\":{\"@id\":\"https:\/\/www.lavirgendelcamino.info\/wordpress\/gersul\/#primaryimage\"},\"thumbnailUrl\":\"https:\/\/www.lavirgendelcamino.info\/wordpress\/wp-content\/uploads\/2021\/02\/gersul.png\",\"datePublished\":\"2021-02-26T12:56:45+00:00\",\"dateModified\":\"2021-02-26T12:57:21+00:00\",\"description\":\"GERSUL es el Consorcio Provincial de Residuos de Le\u00f3n que permite reciclar las m\u00e1s de 200.000 toneladas de basura que se producen en Le\u00f3n.\",\"breadcrumb\":{\"@id\":\"https:\/\/www.lavirgendelcamino.info\/wordpress\/gersul\/#breadcrumb\"},\"inLanguage\":\"es\",\"potentialAction\":[{\"@type\":\"ReadAction\",\"target\":[\"https:\/\/www.lavirgendelcamino.info\/wordpress\/gersul\/\"]}]},{\"@type\":\"ImageObject\",\"inLanguage\":\"es\",\"@id\":\"https:\/\/www.lavirgendelcamino.info\/wordpress\/gersul\/#primaryimage\",\"url\":\"https:\/\/www.lavirgendelcamino.info\/wordpress\/wp-content\/uploads\/2021\/02\/gersul.png\",\"contentUrl\":\"https:\/\/www.lavirgendelcamino.info\/wordpress\/wp-content\/uploads\/2021\/02\/gersul.png\",\"width\":108,\"height\":124},{\"@type\":\"BreadcrumbList\",\"@id\":\"https:\/\/www.lavirgendelcamino.info\/wordpress\/gersul\/#breadcrumb\",\"itemListElement\":[{\"@type\":\"ListItem\",\"position\":1,\"name\":\"Portada\",\"item\":\"https:\/\/www.lavirgendelcamino.info\/wordpress\/\"},{\"@type\":\"ListItem\",\"position\":2,\"name\":\"GERSUL &#8211; Consorcio Provincial de Residuos de Le\u00f3n\"}]},{\"@type\":\"WebSite\",\"@id\":\"https:\/\/www.lavirgendelcamino.info\/wordpress\/#website\",\"url\":\"https:\/\/www.lavirgendelcamino.info\/wordpress\/\",\"name\":\"La Virgen del Camino (Le\u00f3n)\",\"description\":\"Sitio Web Oficial\",\"publisher\":{\"@id\":\"https:\/\/www.lavirgendelcamino.info\/wordpress\/#organization\"},\"potentialAction\":[{\"@type\":\"SearchAction\",\"target\":{\"@type\":\"EntryPoint\",\"urlTemplate\":\"https:\/\/www.lavirgendelcamino.info\/wordpress\/?s={search_term_string}\"},\"query-input\":{\"@type\":\"PropertyValueSpecification\",\"valueRequired\":true,\"valueName\":\"search_term_string\"}}],\"inLanguage\":\"es\"},{\"@type\":\"Organization\",\"@id\":\"https:\/\/www.lavirgendelcamino.info\/wordpress\/#organization\",\"name\":\"Ayuntamiento de Valverde de la Virgen\",\"url\":\"https:\/\/www.lavirgendelcamino.info\/wordpress\/\",\"logo\":{\"@type\":\"ImageObject\",\"inLanguage\":\"es\",\"@id\":\"https:\/\/www.lavirgendelcamino.info\/wordpress\/#\/schema\/logo\/image\/\",\"url\":\"https:\/\/www.lavirgendelcamino.info\/wordpress\/wp-content\/uploads\/2015\/07\/aytovalverdevector.png\",\"contentUrl\":\"https:\/\/www.lavirgendelcamino.info\/wordpress\/wp-content\/uploads\/2015\/07\/aytovalverdevector.png\",\"width\":371,\"height\":429,\"caption\":\"Ayuntamiento de Valverde de la Virgen\"},\"image\":{\"@id\":\"https:\/\/www.lavirgendelcamino.info\/wordpress\/#\/schema\/logo\/image\/\"},\"sameAs\":[\"http:\/\/www.facebook.com\/ayuntamientovalverdedelavirgen\",\"https:\/\/x.com\/valverdevirgen\",\"http:\/\/www.instagram.com\/valverdevirgen\/\"]}]}<\/script>\n<!-- \/ Yoast SEO plugin. -->","yoast_head_json":{"title":"GERSUL - Consorcio Provincial de Residuos de Le\u00f3n","description":"GERSUL es el Consorcio Provincial de Residuos de Le\u00f3n que permite reciclar las m\u00e1s de 200.000 toneladas de basura que se producen en Le\u00f3n.","robots":{"index":"index","follow":"follow","max-snippet":"max-snippet:-1","max-image-preview":"max-image-preview:large","max-video-preview":"max-video-preview:-1"},"canonical":"https:\/\/www.lavirgendelcamino.info\/wordpress\/gersul\/","og_locale":"es_ES","og_type":"article","og_title":"GERSUL - Consorcio Provincial de Residuos de Le\u00f3n","og_description":"GERSUL es el Consorcio Provincial de Residuos de Le\u00f3n que permite reciclar las m\u00e1s de 200.000 toneladas de basura que se producen en Le\u00f3n.","og_url":"https:\/\/www.lavirgendelcamino.info\/wordpress\/gersul\/","og_site_name":"La Virgen del Camino (Le\u00f3n)","article_publisher":"http:\/\/www.facebook.com\/ayuntamientovalverdedelavirgen","article_modified_time":"2021-02-26T12:57:21+00:00","og_image":[{"width":108,"height":124,"url":"https:\/\/www.lavirgendelcamino.info\/wordpress\/wp-content\/uploads\/2021\/02\/gersul.png","type":"image\/png"}],"twitter_card":"summary_large_image","twitter_title":"GERSUL - Consorcio Provincial de Residuos de Le\u00f3n","twitter_description":"GERSUL es el Consorcio Provincial de Residuos de Le\u00f3n que permite reciclar las m\u00e1s de 200.000 toneladas de basura que se producen en Le\u00f3n.","twitter_image":"https:\/\/www.lavirgendelcamino.info\/wordpress\/wp-content\/uploads\/2021\/02\/gersul.png","twitter_site":"@valverdevirgen","twitter_misc":{"Tiempo de lectura":"2 minutos"},"schema":{"@context":"https:\/\/schema.org","@graph":[{"@type":"WebPage","@id":"https:\/\/www.lavirgendelcamino.info\/wordpress\/gersul\/","url":"https:\/\/www.lavirgendelcamino.info\/wordpress\/gersul\/","name":"GERSUL - Consorcio Provincial de Residuos de Le\u00f3n","isPartOf":{"@id":"https:\/\/www.lavirgendelcamino.info\/wordpress\/#website"},"primaryImageOfPage":{"@id":"https:\/\/www.lavirgendelcamino.info\/wordpress\/gersul\/#primaryimage"},"image":{"@id":"https:\/\/www.lavirgendelcamino.info\/wordpress\/gersul\/#primaryimage"},"thumbnailUrl":"https:\/\/www.lavirgendelcamino.info\/wordpress\/wp-content\/uploads\/2021\/02\/gersul.png","datePublished":"2021-02-26T12:56:45+00:00","dateModified":"2021-02-26T12:57:21+00:00","description":"GERSUL es el Consorcio Provincial de Residuos de Le\u00f3n que permite reciclar las m\u00e1s de 200.000 toneladas de basura que se producen en Le\u00f3n.","breadcrumb":{"@id":"https:\/\/www.lavirgendelcamino.info\/wordpress\/gersul\/#breadcrumb"},"inLanguage":"es","potentialAction":[{"@type":"ReadAction","target":["https:\/\/www.lavirgendelcamino.info\/wordpress\/gersul\/"]}]},{"@type":"ImageObject","inLanguage":"es","@id":"https:\/\/www.lavirgendelcamino.info\/wordpress\/gersul\/#primaryimage","url":"https:\/\/www.lavirgendelcamino.info\/wordpress\/wp-content\/uploads\/2021\/02\/gersul.png","contentUrl":"https:\/\/www.lavirgendelcamino.info\/wordpress\/wp-content\/uploads\/2021\/02\/gersul.png","width":108,"height":124},{"@type":"BreadcrumbList","@id":"https:\/\/www.lavirgendelcamino.info\/wordpress\/gersul\/#breadcrumb","itemListElement":[{"@type":"ListItem","position":1,"name":"Portada","item":"https:\/\/www.lavirgendelcamino.info\/wordpress\/"},{"@type":"ListItem","position":2,"name":"GERSUL &#8211; Consorcio Provincial de Residuos de Le\u00f3n"}]},{"@type":"WebSite","@id":"https:\/\/www.lavirgendelcamino.info\/wordpress\/#website","url":"https:\/\/www.lavirgendelcamino.info\/wordpress\/","name":"La Virgen del Camino (Le\u00f3n)","description":"Sitio Web Oficial","publisher":{"@id":"https:\/\/www.lavirgendelcamino.info\/wordpress\/#organization"},"potentialAction":[{"@type":"SearchAction","target":{"@type":"EntryPoint","urlTemplate":"https:\/\/www.lavirgendelcamino.info\/wordpress\/?s={search_term_string}"},"query-input":{"@type":"PropertyValueSpecification","valueRequired":true,"valueName":"search_term_string"}}],"inLanguage":"es"},{"@type":"Organization","@id":"https:\/\/www.lavirgendelcamino.info\/wordpress\/#organization","name":"Ayuntamiento de Valverde de la Virgen","url":"https:\/\/www.lavirgendelcamino.info\/wordpress\/","logo":{"@type":"ImageObject","inLanguage":"es","@id":"https:\/\/www.lavirgendelcamino.info\/wordpress\/#\/schema\/logo\/image\/","url":"https:\/\/www.lavirgendelcamino.info\/wordpress\/wp-content\/uploads\/2015\/07\/aytovalverdevector.png","contentUrl":"https:\/\/www.lavirgendelcamino.info\/wordpress\/wp-content\/uploads\/2015\/07\/aytovalverdevector.png","width":371,"height":429,"caption":"Ayuntamiento de Valverde de la Virgen"},"image":{"@id":"https:\/\/www.lavirgendelcamino.info\/wordpress\/#\/schema\/logo\/image\/"},"sameAs":["http:\/\/www.facebook.com\/ayuntamientovalverdedelavirgen","https:\/\/x.com\/valverdevirgen","http:\/\/www.instagram.com\/valverdevirgen\/"]}]}},"_links":{"self":[{"href":"https:\/\/www.lavirgendelcamino.info\/wordpress\/wp-json\/wp\/v2\/pages\/63157","targetHints":{"allow":["GET"]}}],"collection":[{"href":"https:\/\/www.lavirgendelcamino.info\/wordpress\/wp-json\/wp\/v2\/pages"}],"about":[{"href":"https:\/\/www.lavirgendelcamino.info\/wordpress\/wp-json\/wp\/v2\/types\/page"}],"author":[{"embeddable":true,"href":"https:\/\/www.lavirgendelcamino.info\/wordpress\/wp-json\/wp\/v2\/users\/1"}],"replies":[{"embeddable":true,"href":"https:\/\/www.lavirgendelcamino.info\/wordpress\/wp-json\/wp\/v2\/comments?post=63157"}],"version-history":[{"count":0,"href":"https:\/\/www.lavirgendelcamino.info\/wordpress\/wp-json\/wp\/v2\/pages\/63157\/revisions"}],"wp:featuredmedia":[{"embeddable":true,"href":"https:\/\/www.lavirgendelcamino.info\/wordpress\/wp-json\/wp\/v2\/media\/63158"}],"wp:attachment":[{"href":"https:\/\/www.lavirgendelcamino.info\/wordpress\/wp-json\/wp\/v2\/media?parent=63157"}],"curies":[{"name":"wp","href":"https:\/\/api.w.org\/{rel}","templated":true}]}}